se 16, what is e1 + b46b?
b54c
In base 9, what is 388 - 56030?
-55531
In base 13, what is -68 + 95042?
94ca7
In base 2, what is -11 - -100111000100101001101000?
100111000100101001100101
In base 15, what is 1779545 + 0?
1779545
In base 7, what is 4503350 + 14?
4503364
In base 6, what is 35 + -10313450?
-10313411
In base 12, what is -194 + 21379?
211a5
In base 8, what is 472 - -11705?
12377
In base 3, what is -111122121 + -10011020?
-121210211
In base 13, what is -2b - -333a8a?
333a5c
In base 4, what is -1133330313 - 101?
-1133331020
In base 8, what is -613 - 472522?
-473335
In base 9, what is 55355 - -75?
55441
In base 2, what is 1001110001100000 + -10000001?
1001101111011111
In base 16, what is 2 - -c45fd?
c45ff
In base 11, what is 3287793 + 22?
3287805
In base 13, what is 891a79 - b?
891a6b
In base 4, what is 1111 - 200301112?
-200300001
In base 10, what is -1051798 + -42?
-1051840
In base 4, what is -11311013122120 + -2?
-11311013122122
In base 9, what is -3 - -22316188?
22316185
In base 11, what is -4 - 3432153?
-3432157
In base 11, what is 4 + 44921?
44925
In base 9, what is -11 - 11404778?
-11404800
In base 3, what is -102222 + 20100111102?
20100001110
In base 3, what is -1112020001020 - 120?
-1112020001210
In base 14, what is 1b - 7d5a38?
-7d5a1b
In base 2, what is 10000010110 + 1001111100100?
1011111111010
In base 9, what is -5037231 - -51?
-5037170
In base 15, what is 1173 + -21039?
-1edb6
In base 13, what is 11ca2 - 60?
11c42
In base 6, what is -1020541220 + 5?
-1020541211
In base 4, what is -31031131202 + -3032?
-31031200300
In base 16, what is -772f50 - 0?
-772f50
In base 3, what is -2001022220110 - 111212?
-2001100102022
In base 7, what is 13 - 125003550?
-125003534
In base 12, what is -4b61b52 + 2?
-4b61b50
In base 5, what is -133004 + -3430?
-141434
In base 3, what is 2222022221 - -21100?
2222121021
In base 10, what is -144 - 33902?
-34046
In base 16, what is -ca7a - 9a?
-cb14
In base 6, what is 4 + 323545535?
323545543
In base 8, what is -112562 + -6617?
-121401
In base 15, what is 1278e5 - -288?
127b7d
In base 4, what is -100313 - -20313011?
20212032
In base 8, what is 4 + 45125021?
45125025
In base 4, what is -13 + 230300210030?
230300210011
In base 10, what is 24 + 20824067?
20824091
In base 16, what is -207332 + 4?
-20732e
In base 11, what is 124175 - -96?
124260
In base 11, what is -83 - 63342?
-63415
In base 14, what is 34a0d89 + -c?
34a0d7b
In base 13, what is 1325 + -1a537?
-19212
In base 9, what is -1043433 - -617?
-1042715
In base 7, what is -164 + 22516?
22322
In base 13, what is -5ca99 - a7?
-5cb73
In base 9, what is 3514262 + -274?
3513877
In base 6, what is -30442351 + -100?
-30442451
In base 7, what is -1355006350 - 4?
-1355006354
In base 4, what is 2 - 2011231010100?
-2011231010032
In base 3, what is -100212110212020 + 1002?
-100212110211011
In base 2, what is 10110 - 1001100000110110000?
-1001100000110011010
In base 8, what is -1 + 7472575?
7472574
In base 6, what is 232 + 1111120?
1111352
In base 13, what is 650 + -8476?
-7b26
In base 8, what is -3 - 357464677?
-357464702
In base 12, what is -5 + -72bb962?
-72bb967
In base 3, what is -220 + -201012021101?
-201012022021
In base 2, what is -100 - 101101111010011001110101?
-101101111010011001111001
In base 13, what is 2 + -5191b6?
-5191b4
In base 11, what is 72953 + -20?
72933
In base 10, what is 102584 - 13072?
89512
In base 12, what is -91b456 + -77?
-91b511
In base 4, what is 12022 + 13102202011?
13102220033
In base 11, what is -765011 - 15?
-765026
In base 9, what is 5114246 + 505?
5114752
In base 16, what is -20824b + 35?
-208216
In base 2, what is 101111011 + 1000111010000?
1001101001011
In base 6, what is -144513315 - 0?
-144513315
In base 5, what is 30411000100 - 0?
30411000100
In base 8, what is -4427305 - 3?
-4427310
In base 13, what is 98083bc + -8?
98083b4
In base 3, what is -110211010211011100 + 11?
-110211010211011012
In base 8, what is -2 - -3260452?
3260450
In base 16, what is a4dc18 + -4?
a4dc14
In base 13, what is -2399 - 9847?
-bc13
In base 16, what is -12b936c - 2?
-12b936e
In base 6, what is -1522110 + 204?
-1521502
In base 11, what is -134628 + -1a2?
-13481a
In base 6, what is -5001 + -2430?
-11431
In base 10, what is -1819886 - 69?
-1819955
In base 11, what is 2aaa73 - -452?
300415
In base 8, what is -71 - -210306?
210215
In base 5, what is 212220 + -104120?
103100
In base 10, what is -247416 + 11?
-247405
In base 15, what is 109a2e - -31?
109a60
In base 7, what is 56612624 + -162?
56612432
In base 2, what is -100101101100000001 + 10100100?
-100101101001011101
In base 13, what is 0 + -2169081?
-2169081
In base 4, what is -1221112200 + -11313?
-1221130113
In base 8, what is -1531117101 - -4?
-1531117075
In base 7, what is -3 - 16200556?
-16200562
In base 3, what is 20000021102100 - 12?
20000021102011
In base 11, what is -1918 - 1a760?
-21578
In base 2, what is 10100000001 - -100011010010?
110111010011
In base 11, what is 55402536 - 3?
55402533
In base 6, what is 441103 - 1045?
440014
In base 3, what is 10221020 - -121011222021?
121022220111
In base 16, what is 106fde - 26?
106fb8
In base 9, what is -21 - 827660?
-827681
In base 12, what is b00 + -414b2?
-405b2
In base 8, what is -3043 - 505754?
-511017
In base 8, what is -2666 + 4346?
1460
In base 3, what is 1202002022011 - -2100?
1202002101111
In base 11, what is 401 - 852?
-451
In base 16, what is 8 + 25eb7a7?
25eb7af
In base 16, what is 12 + 36d5cd?
36d5df
In base 3, what is -10202020211 - -112102122?
-10012211012
In base 10, what is 17565276 - 14?
17565262
In base 8, what is 2571 + -51456?
-46665
In base 12, what is 3 - -57444197?
5744419a
In base 14, what is d3488c - 5?
d34887
In base 12, what is -24 - -152ba64?
152ba40
In base 15, what is 1cd3 - ca76?
-ac93
In base 10, what is -418240 + -1472?
-419712
In base 13, what is b617ab0 + 1?
b617ab1
In base 4, what is 1000 - -1301101030?
1301102030
In base 9, what is -4025142 - -22?
-4025120
In base 16, what is 35 - -768d?
76c2
In base 3, what is -2212101221122010 + 112?
-2212101221121121
In base 13, what is -c - -1b2985?
1b2976
In base 9, what is -4 + -66412?
-66416
In base 14, what is 3ac + -206b?
-1a9d
In base 9, what is 26154375 + 4?
26154380
In base 16, what is -21a - -1fe?
-1c
In base 7, what is -2120424 - -56?
-2120335
In base 15, what is 4 + -4241933?
-424192e
In base 2, what is 100000011011100001001 + 11001?
100000011011100100010
In base 10, what is 11408097 - 0?
11408097
In base 3, what is -1002210110202121 + 2?
-1002210110202112
In base 14, what is -4b97 - a26?
-57bd
In base 8, what is 4 + 214620751?
214620755
In base 11, what is 12 - 1536239?
-1536227
In base 15, what is -1218 + -d53?
-206b
In base 2, what is 101101010110 - 100100101011?
1000101011
In base 7, what is 5 + -500250152?
-500250144
In base 5, what is -142 - 103300?
-103442
In base 4, what is 10100120011 + -2?
10100120003
In base 7, what is -4 + 62442656?
62442652
In base 2, what is -100111 - -101011011110001000?
101011011101100001
In base 15, what is 18d9093 - a?
18d9088
In base 14, what is -5 - -16151b0?
16151a9
In base 7, what is -2221 - -6534?
4313
In base 8, what is -333353 + -2620?
-336173
In base 12, what is -1118b9 - -20?
-111899
In base 2, what is -1001001010 - -10110101001000?
10101011111110
In base 2, what is 110110000110000011000100101 + 0?
110110000110000011000100101
In base 16, what is 117 - -5c22?
5d39
In base 3, what is -2221200 - -1222?
-2212201
In base 8, what is -3 + 23104010?
23104005
In base 15, what is 0 - e77978?
-e77978
In base 15, what is 9d9e3 - a0?
9d943
In base 14, what is -53a6c0 + 5?
-53a6b9
In base 5, what is 2010221402 + -22?
2010221330
In base 7, what is -15606000333 + 5?
-15606000325
In base 8, what is -60473 - -302?
-60171
In base 14, what is 185 + 260ca?
26271
In base 11, what is -327a44 + -36?
-327a7a
In base 4, what is 22 - -11220012030?
11220012112
In base 15, what is -c93b0 + -7?
-c93b7
In base 12, what is -5 + -29aa66?
-29aa6b
In base 10, what is 2248962 + 16?
2248978
In base 12, what is 96a15 + -39a?
96637
In base 4, what is -201101102 + -223?
-201101331
In base 16, what is 12ad + 4d2?
177f
In base 11, what is -1548 - -2726?
1189
In base 13, what is a51 - 176b?
-a1a
In base 13, what is 86ab1 - 149a?
85614
In base 11, what is 